
What is -3550 (base 6) in base 10?
-858
a016 (base 11) to base 4
3100033
What is 2c07 (base 14) in base 16?
1ea7
Convert 4a65 (base 13) to base 6.
120521
Convert 200100 (base 3) to base 6.
2143
Convert -36746 (base 8) to base 6.
-201210
What is -4096 (base 15) in base 2?
-11010101001001
Convert 419 (base 16) to base 6.
4505
-757 (base 9) to base 11
-513
10101 (base 4) to base 9
333
Convert -322 (base 7) to base 12.
-117
Convert -2101212 (base 3) to base 15.
-7bb
What is 1104442 (base 5) in base 14?
70ba
Convert 30112 (base 4) to base 2.
1100010110
What is 1571 (base 8) in base 6?
4041
Convert 11110010101100 (base 2) to base 9.
23267
Convert -162 (base 14) to base 10.
-282
Convert -24858 (base 10) to base 4.
-12010122
Convert 17417 (base 14) to base 4.
32100331
Convert -38b1 (base 16) to base 5.
-431023
20671 (base 14) to base 12
3924b
What is 2535 (base 10) in base 13?
1200
Convert -120011 (base 3) to base 2.
-110011001
44773 (base 9) to base 5
1423133
3a1 (base 13) to base 6
2542
Convert 13498 (base 13) to base 10.
35953
Convert -1011001000 (base 2) to base 9.
-871
What is -267 (base 8) in base 14?
-d1
-732 (base 10) to base 13
-444
Convert 966 (base 14) to base 4.
130332
Convert -6865 (base 16) to base 3.
-1100122211
What is -6aa (base 15) in base 8?
-2746
What is 2868 (base 11) in base 3?
12002012
Convert -4463 (base 8) to base 4.
-210303
-1072 (base 14) to base 3
-10220100
Convert -10455 (base 6) to base 5.
-21400
What is 2395 (base 10) in base 4?
211123
-2022112 (base 3) to base 16
-698
24061 (base 7) to base 8
14111
8417 (base 10) to base 6
102545
What is 1344 (base 5) in base 7?
440
Convert -82501 (base 9) to base 15.
-11187
What is 11112 (base 3) in base 16?
7a
Convert -1455 (base 7) to base 3.
-210110
What is -4433 (base 7) in base 9?
-2158
Convert 2a65 (base 14) to base 13.
357a
-17791 (base 11) to base 5
-1244110
Convert -2212110222 (base 3) to base 2.
-1101110010100011
-11210200 (base 3) to base 6
-24113
Convert -130147 (base 8) to base 13.
-1772a
What is 45 (base 16) in base 14?
4d
Convert a4b4 (base 12) to base 2.
100011001001000
-2153 (base 15) to base 10
-7053
Convert -53 (base 10) to base 2.
-110101
What is -210222 (base 4) in base 10?
-2346
Convert 5d43 (base 14) to base 13.
757c
Convert 2452 (base 6) to base 5.
4413
110100100111011 (base 2) to base 11
19270
-100554 (base 6) to base 15
-257a
484 (base 9) to base 13
24a
Convert 6737 (base 9) to base 13.
2359
What is -2143 (base 12) in base 11?
-281a
What is -1110000000000110 (base 2) in base 14?
-16c86
What is -12301122 (base 4) in base 8?
-66132
What is -111010010 (base 2) in base 13?
-29b
What is 25106 (base 9) in base 12?
9906
-33330 (base 6) to base 4
-1020312
What is -3134113 (base 5) in base 4?
-30302320
-675 (base 12) to base 11
-797
What is -d3 (base 15) in base 14?
-102
What is -281b (base 14) in base 10?
-7081
-554 (base 14) to base 8
-2036
11a (base 16) to base 11
237
What is -10013 (base 4) in base 9?
-322
What is 151337 (base 8) in base 13?
1b757
1f (base 16) to base 14
23
-536 (base 8) to base 14
-1b0
-11130 (base 5) to base 4
-30112
8c7 (base 14) to base 15
7b3
What is -101220020 (base 3) in base 8?
-17410
What is -4043 (base 14) in base 7?
-44113
What is 11330332 (base 4) in base 7?
131041
Convert 16489 (base 10) to base 5.
1011424
Convert -8604 (base 9) to base 8.
-14262
Convert 36429 (base 11) to base 15.
107ee
200152 (base 6) to base 8
36404
What is -690 (base 16) in base 13?
-9c3
What is -10a50 (base 11) in base 15?
-4aa6
What is -50245 (base 8) in base 3?
-1001022122
Convert 1167 (base 11) to base 14.
7ad
What is 134a2 (base 14) in base 10?
47574
-15325 (base 13) to base 15
-bd24
Convert -1a4 (base 15) to base 12.
-277
378 (base 10) to base 14
1d0
Convert 3423 (base 5) to base 12.
348
What is -1042 (base 8) in base 16?
-222
-a92 (base 12) to base 3
-2010102
123 (base 10) to base 6
323
What is -3024412 (base 5) in base 14?
-13a8c
Convert -100000100110001 (base 2) to base 8.
-40461
1213 (base 9) to base 16
387
-628 (base 10) to base 7
-1555
What is 1360 (base 8) in base 3?
1000212
What is -524 (base 16) in base 8?
-2444
6ca (base 14) to base 7
3643
10010011 (base 2) to base 16
93
What is -8915 (base 10) in base 7?
-34664
What is -9764 (base 10) in base 3?
-111101122
Convert 101077 (base 8) to base 3.
1200201221
805 (base 13) to base 9
1767
What is 5715 (base 13) in base 11?
9179
Convert 51012 (base 9) to base 4.
20030021
Convert -1010221000 (base 3) to base 16.
-5811
What is 1200101220 (base 3) in base 15?
9c19
-277 (base 9) to base 3
-22121
Convert 13603 (base 8) to base 11.
4582
-2303013 (base 4) to base 3
-120201120
Convert 1820 (base 12) to base 10.
2904
Convert -455541 (base 6) to base 14.
-10245
-3808 (base 9) to base 6
-21055
-550 (base 10) to base 9
-671
What is -13203 (base 6) in base 3?
-2202210
Convert 20211 (base 3) to base 16.
b8
4854 (base 9) to base 3
11221211
What is 102034 (base 6) in base 8?
20046
Convert 60 (base 16) to base 15.
66
Convert -21342 (base 5) to base 7.
-4202
-130 (base 13) to base 5
-1313
121022110 (base 3) to base 6
131020
What is -323 (base 14) in base 10?
-619
What is -110102 (base 3) in base 5?
-2320
Convert -20560 (base 9) to base 7.
-54411
-100001001010 (base 2) to base 12
-128a
2da (base 15) to base 4
22033
What is 47811 (base 10) in base 4?
23223003
2004 (base 6) to base 7
1162
Convert 620 (base 10) to base 9.
758
Convert -8a79 (base 15) to base 13.
-1049a
Convert -262 (base 13) to base 11.
-350
Convert -254 (base 6) to base 10.
-106
-1015240 (base 6) to base 11
-33a02
Convert 83 (base 9) to base 14.
55
2c2 (base 13) to base 5
3441
4b (base 13) to base 9
70
Convert 356 (base 15) to base 6.
3300
What is -240 (base 11) in base 15?
-141
Convert 31753 (base 8) to base 11.
9a93
What is 9d0 (base 14) in base 8?
3632
What is -33485 (base 11) in base 15?
-e57d
2322031 (base 4) to base 7
46513
Convert -61a6 (base 16) to base 9.
-37255
Convert 320 (base 15) to base 4.
23001
Convert -102122121 (base 3) to base 5.
-232434
Convert 1313032 (base 4) to base 2.
1110111001110
Convert 110111010101 (base 2) to base 8.
6725
-312425 (base 6) to base 8
-61201
-6e43 (base 16) to base 11
-1a231
What is 32f (base 16) in base 4?
30233
What is 29758 (base 11) in base 3?
2010211220
-53ce (base 15) to base 8
-42520
What is 40 (base 6) in base 8?
30
Convert -2b7 (base 12) to base 3.
-120211
Convert -1013102 (base 4) to base 2.
-1000111010010
What is 2a53 (base 13) in base 15?
1c52
21067 (base 8) to base 5
240014
What is -111011100000100 (base 2) in base 5?
-1433333
23041 (base 6) to base 4
303001
Convert 659 (base 10) to base 8.
1223
What is -3251 (base 6) in base 5?
-11001
Convert 148e (base 15) to base 5.
120114
What is 456 (base 7) in base 15?
10c
12100120 (base 3) to base 15
1253
Convert -858 (base 12) to base 4.
-103010
What is -284a (base 11) in base 10?
-3684
Convert 102013 (base 4) to base 13.
6b2
What is 2212031 (base 4) in base 5?
320022
What is 2100022 (base 3) in base 16?
6ad
What is -1c4b (base 13) in base 7?
-15334
25b (base 12) to base 16
167
Convert 2514 (base 9) to base 3.
2120111
Convert -1310 (base 10) to base 2.
-10100011110
Convert -2246 (base 15) to base 14.
-2910
What is -1dca (base 15) in base 3?
-22220101
-1853 (base 11) to base 7
-6605
202 (base 13) to base 7
664
Convert 5a (base 14) to base 2.
1010000
21975 (base 11) to base 9
47535
10120 (base 3) to base 9
116
What is 103b (base 15) in base 7?
13001
What is -110011010110 (base 2) in base 3?
-11111201
Convert 2207 (base 8) to base 12.
807
Convert -1001244 (base 5) to base 3.
-210201002
Convert 2774 (base 8) to base 12.
a78
Convert 1033 (base 8) to base 15.
25e
Convert -110020 (base 3) to base 8.
-512
Convert 8840 (base 13) to base 14.
6cba
-10001110101110 (base 2) to base 6
-110142
10055 (base 6) to base 3
1211022
What is -41312 (base 5) in base 4?
-222103
-1825 (base 10) to base 7
-5215
-354 (base 13) to base 15
-286
What is 2605 (base 7) in base 5?
12420
Convert -139 (base 14) to base 12.
-187
What is 1876 (base 12) in base 4?
232122
What is 4652 (base 7) in base 3?
2100002
Convert -2002 (base 3) to base 10.
-56
What is 10fd (base 16) in base 13?
1c97
-1e (base 16) to base 11
-28
What is -1013203 (base 4) in base 8?
-10743
Convert 21133 (base 4) to base 15.
2a7
-